{"id":664,"date":"2022-04-06T21:37:46","date_gmt":"2022-04-06T21:37:46","guid":{"rendered":"https:\/\/kf-oster.net\/?page_id=664"},"modified":"2022-04-06T22:47:35","modified_gmt":"2022-04-06T22:47:35","slug":"program-paskefest-8-10-april","status":"publish","type":"page","link":"https:\/\/kf-oster.net\/?page_id=664","title":{"rendered":"Program P\u00e5skefest 8.-10.april"},"content":{"rendered":"<h2 style=\"text-align: center;\"><em>Kristent Fellesskap menighetene i Bergensregionen inviterer til P\u00e5skefest for hele familien!<\/em><\/h2>\n<h3 style=\"text-align: center;\">Kristkirken (Sl\u00e5tthaugvegen 21, Bergen)<\/h3>\n<p style=\"text-align: center;\"><strong>Program p\u00e5skefest<\/strong><br \/>\n8. &#8211; 10. april<\/p>\n<p><strong>Fredag 8.april :<\/strong><br \/>\nKl.18.45: B\u00f8nn<br \/>\n19.30: Kveldsm\u00f8te<\/p>\n<p><strong>L\u00f8rdag 9. april:<\/strong><br \/>\nKl.10.30-10.50 \u2013 Lovsang for hele familien<br \/>\nKl.11.00 Egne samlinger for barna<br \/>\nKl.11.00: Seminar \u2013 sesjon 1<br \/>\nKl.11.45: Pause<br \/>\nKl.11.55: Seminar \u2013 sesjon 2<br \/>\nKl.12.40: Seminarslutt<br \/>\nKl.13.00 \u2013 Til alle foreldre og barn \u2013 vi m\u00f8tes til fellesskap, kaf\u00e8 og lek i \u00abFana Arena\u00bb <a href=\"https:\/\/fb.me\/e\/5lJ7LZtj9\">500 meter fra Kristkirkens lokaler<\/a><\/p>\n<p>Kl.13.00 &#8211; Ungdommene fra 13 \u00e5r og oppover: Eget opplegg. F\u00f8lg med p\u00e5 info!!<br \/>\nKl.18.45: B\u00f8nn<br \/>\nKl.19.30:Kveldsm\u00f8te<\/p>\n<p><strong>S\u00f8ndag 10. april:<\/strong><br \/>\nKl.14.45 \u2013 B\u00f8nn<br \/>\nKl.15.30: Ettermiddags-festsamling<br \/>\n(med tjenestegaveinnsetting) og egne samlinger for barna.<\/p>\n","protected":false},"excerpt":{"rendered":"<p>Kristent Fellesskap menighetene i Bergensregionen inviterer til P\u00e5skefest for hele familien! Kristkirken (Sl\u00e5tthaugvegen 21, Bergen) Program p\u00e5skefest 8. &#8211; 10. april Fredag 8.april : Kl.18.45: B\u00f8nn 19.30: Kveldsm\u00f8te L\u00f8rdag 9. april: Kl.10.30-10.50 \u2013 Lovsang for hele familien Kl.11.00 Egne samlinger &hellip; <a class=\"more-link\" href=\"https:\/\/kf-oster.net\/?page_id=664\">Continue reading <span class=\"meta-nav\">&rarr;<\/span><\/a><\/p>\n","protected":false},"author":1,"featured_media":0,"parent":0,"menu_order":0,"comment_status":"closed","ping_status":"closed","template":"","meta":[],"_links":{"self":[{"href":"https:\/\/kf-oster.net\/index.php?rest_route=\/wp\/v2\/pages\/664"}],"collection":[{"href":"https:\/\/kf-oster.net\/index.php?rest_route=\/wp\/v2\/pages"}],"about":[{"href":"https:\/\/kf-oster.net\/index.php?rest_route=\/wp\/v2\/types\/page"}],"author":[{"embeddable":true,"href":"https:\/\/kf-oster.net\/index.php?rest_route=\/wp\/v2\/users\/1"}],"replies":[{"embeddable":true,"href":"https:\/\/kf-oster.net\/index.php?rest_route=%2Fwp%2Fv2%2Fcomments&post=664"}],"version-history":[{"count":5,"href":"https:\/\/kf-oster.net\/index.php?rest_route=\/wp\/v2\/pages\/664\/revisions"}],"predecessor-version":[{"id":684,"href":"https:\/\/kf-oster.net\/index.php?rest_route=\/wp\/v2\/pages\/664\/revisions\/684"}],"wp:attachment":[{"href":"https:\/\/kf-oster.net\/index.php?rest_route=%2Fwp%2Fv2%2Fmedia&parent=664"}],"curies":[{"name":"wp","href":"https:\/\/api.w.org\/{rel}","templated":true}]}}